 the greatest common divisor of o and 5.
5
Let j = 4013 - 2044. What is the greatest common divisor of j and 11?
11
Let p(q) = 6*q - 3 - 10*q + q. Suppose 3 = -5*i - 37. Let z be p(i). Calculate the highest common factor of 42 and z.
21
Let g(b) = 3*b**2 - 70*b - 211. Let u be g(-3). Calculate the greatest common divisor of 8749 and u.
13
Let g = 444 + 1222. What is the greatest common divisor of 196 and g?
98
Let m(g) be the third derivative of g**4/24 + 2*g**3/3 - 4*g**2. Let p be m(5). Let z = -59 - -77. Calculate the greatest common divisor of p and z.
9
Let f(h) = -h. Let a be (2 + -3)*(2 - 0). Let q be f(a). Suppose 0*n = l + n - 102, -q*n - 96 = -l. What is the greatest common divisor of 20 and l?
20
Let x = -2564 - -3548. Calculate the highest common factor of 24 and x.
24
Let j be ((-30)/(-40))/(6/4)*10. Suppose -2*t + 2*m + 44 - 8 = 0, 0 = j*t - 3*m - 98. What is the highest common divisor of t and 44?
22
Let m be -26*((-3 - 0) + 1). Suppose -2*d = -10, 10*h = 6*h + 4*d - 300. Let b be (-356)/(-28) - 5/(h/4). Calculate the highest common divisor of b and m.
13
Let l = 32 + 50. Suppose 5*p = 2*o + l, 3*p + 0*o - 4*o = 38. Suppose -8*t - 24 + 96 = 0. What is the highest common factor of p and t?
9
Let u(q) = -q**2 - 26*q + 3. Let o be u(-26). Suppose 3*k + 2*k - 400 = 3*c, -2*k + 160 = -o*c. What is the greatest common factor of k and 30?
10
Let f = -32 - -35. Suppose -f*c = -2*c - 3*c. Suppose -k = -c - 10. What is the greatest common factor of 30 and k?
10
Suppose w + 0*w + 61 = 4*i, 60 = 5*i + 2*w. Let b = 12280 - 26272. Let n be (-2)/(-13) + b/(-143). What is the greatest common divisor of i and n?
14
Let w be (-2)/2*74/(-37). Let k be (-20)/16 + w/8 - -85. Calculate the highest common divisor of k and 63.
21
Let m(o) = o**2 - 17*o - 113. Let v be m(-9). Let j(b) = -28*b**2 + 3*b - 1. Let h be j(2). Let s = v + h. Calculate the greatest common factor of 98 and s.
14
Let v = -2842 - -2872. Calculate the greatest common divisor of v and 2220.
30
Let p be (36/8 + -3)/((-162)/(-38016)). What is the highest common divisor of 96 and p?
32
Suppose 5*m - 8*q - 29 = -4*q, 5*m = 2*q + 27. Suppose -5*f - 2*a + 62 = -30, f - 5*a - 40 = 0. What is the greatest common factor of m and f?
5
Let t be (-2 - -16)/(10/(-5)) + (-8580)/(-66). Calculate the greatest common factor of t and 4346.
41
Suppose 22*h = 57*h - 245. Let k be (-110)/(-25) + -4 + 26/10. Calculate the highest common factor of k and h.
1
Let x be (12/16)/((-3)/(-16)). Suppose 2*w - 80 = -3*w. Calculate the highest common divisor of w and x.
4
Suppose -2*l = 2*d - 718, -2*d + 495 = 3*l - 583. Let a be l/3*(-7)/((-112)/12). Calculate the highest common factor of 18 and a.
18
Let f be ((-8672)/48)/(8/(-18))*12. Calculate the highest common factor of 6 and f.
6
Let h = 7327 - 6002. Calculate the highest common divisor of h and 318.
53
Suppose -142 + 220 = u. Let r = 110 - u. Let q be (-1118)/(-5) + 2/5. What is the highest common factor of r and q?
32
Let t be (-291)/(-8) - 1/(((-224)/21)/(-4)). What is the greatest common factor of 1764 and t?
36
Let n = -321 + 334. Let o be (-4)/(-14) - 99/(-21). Suppose 0 = -o*r - 2*z + 100, r - 7 = -5*z + n. Calculate the greatest common factor of r and 50.
10
Let m(d) = 3*d**2 - 51*d - 224. Let h be m(22). Calculate the highest common factor of h and 4982.
106
Suppose -7 = 2*u - 11. Suppose 0 = u*g + g - 9. Suppose -3*t - r = -3*r - 54, -2*r = g*t - 54. What is the greatest common divisor of 27 and t?
9
Suppose -5*y = i - 43, 3*y - 25 = 4*i - 5*i. Let g be ((-96)/(-36))/((-2)/y). Let p be (-14 - g) + (1 - -3). Calculate the greatest common factor of 2 and p.
2
Let c = -4025 - -4364. Calculate the highest common divisor of 21 and c.
3
Suppose -4*o + 6*a = 8*a + 780, 3*o - 5*a + 611 = 0. Let z = o + 235. Calculate the highest common factor of z and 133.
19
Let k(n) = n**2 + 60*n - 927. Let q be k(13). Let v(w) = -4*w**3 - 2*w**2 + 3*w + 5. Let s be v(-5). Calculate the highest common divisor of s and q.
22
Let z be ((-768)/(-36))/16*345. Calculate the highest common divisor of z and 1495.
115
Suppose -10 = 2*c - 92. Let y(t) = -312*t + 25354. Let d be y(81). Calculate the greatest common divisor of d and c.
41
Suppose -8*q + 238 + 490 = 0. Let k = q - 92. Let j(p) = 9*p**2 - p - 1. Let n be j(k). Calculate the greatest common divisor of 18 and n.
9
Let f be -4 + 4/(20/45). Let a = -9 + -26. Let w = f - a. Calculate the highest common factor of w and 100.
20
Let j be 1 - (-41)/(13/3 + -4). What is the highest common divisor of 1612 and j?
124
Suppose -m + 5*t - 3*t = 0, -4*m - 4*t + 12 = 0. Suppose m*j = -12*j + 336. What is the highest common divisor of 30 and j?
6
Let w(d) = 16*d**2 - 5*d - 3. Let c be w(-3). Let x = c + -118. What is the greatest common divisor of 19 and x?
19
Suppose 3*o = -5*c + 4*c + 166, -2*o = 5*c - 102. Suppose 0 = 80*d - 78*d - o. What is the highest common divisor of d and 70?
14
Let c = 669 + -260. Let h = 661 - c. Calculate the highest common factor of h and 36.
36
Let k be ((-2)/4)/(2/(-120)). Suppose 5*f - 27*l = -25*l + 43, -15 = -f + 2*l. Let b = 17 - f. Calculate the highest common factor of k and b.
10
Suppose 0 = -3*v - 2*v - 30. Let p = v - -38. Suppose n = -p + 76. Calculate the greatest common divisor of 110 and n.
22
Let i(b) = 5*b + 40. Let l be (-51)/34 - 26/4. Let u be i(l). Suppose r + 4 + 1 = 0, -s - r + 27 = u. Calculate the greatest common divisor of 128 and s.
32
Suppose 10*s = s + 9. Let z(k) = -k**2 + 16*k + 322. Let p be z(27). Calculate the highest common divisor of s and p.
1
Let c(p) = -p**3 - 8*p**2 - 15*p - 19. Let j be c(-9). Let q = j - 137. What is the greatest common divisor of 300 and q?
60
Suppose -m + 1 = -17. Suppose m*o + 313 = 19*o. Suppose -407 - o = -6*c. What is the greatest common divisor of c and 12?
12
Suppose c + 20 = 3*b, -3*c - 25 = 3*b - 7*b. Let t be 29*(-1 - -9 - b). Calculate the greatest common divisor of 841 and t.
29
Suppose -3*b = 22 - 187. Suppose -w = f - 2, -5*w + 4*f + 1 = -9. Let n be 55*w/10*2. What is the greatest common divisor of b and n?
11
Let k(v) = 12*v - 8. Let a be k(4). Let f = 921 + -601. What is the highest common factor of f and a?
40
Let x(h) = -14*h**3 - 3*h**2 - 2*h. Let z be x(-1). Let d = 1461 - 1435. What is the highest common factor of z and d?
13
Let h be ((-12)/10)/(6/(-15)). Suppose 152 = h*t + 14. Let n(c) = 4*c**2 - 22*c - 292. Let i be n(-9). What is the highest common divisor of i and t?
46
Let z(h) = -4*h + 57*h**2 - 647 + 1288 - 639. Let l be z(1). Suppose 2*m - 2 - 8 = 0. Calculate the highest common factor of l and m.
5
Let l = -20692 - -21067. What is the greatest common divisor of l and 435?
15
Let w be 0 - (4/6)/((-50)/33675). Calculate the greatest common factor of 3 and w.
1
Let n = 117 + -213. Let c be 4 + n/10*10/(-4). Calculate the highest common divisor of c and 8.
4
Let k be 1/(-4 - 356/(-88)). Let d(w) = 30*w + 12. Let z be d(13). Let b = z - 226. Calculate the highest common divisor of b and k.
22
Let u be (-228)/(-18) + 1/3. Suppose 851*a - 1697 = 75744. Calculate the greatest common factor of u and a.
13
Suppose 7*s = 4*v + 9*s + 26, -4*v + s = 17. Let i(l) = -2*l**3 + 4*l**2 - 2*l. Let k be i(v). What is the highest common divisor of k and 10?
10
Let h be ((-33)/6)/((-108)/56 - -2). Let k = -107 - h. Let a be (-852)/k + 8/(-20). Calculate the greatest common factor of a and 4.
4
Suppose 194*l + 165 = 3*d + 191*l, 5 = -5*l. Suppose 4*y - 56 - 84 = 2*v, -3*y + 5*v = -98. What is the highest common divisor of d and y?
18
Let x(w) = -w**3 + 8*w**2 + 6*w - 30. Let v be x(6). Suppose v = 5*b + 28. Calculate the greatest common divisor of b and 4.
2
Let g(j) = j**2 + 4*j - 16. Let b be g(2). Let m be ((28952/16)/7)/((-2)/b). Calculate the greatest common divisor of m and 11.
11
Suppose 17*h = h + 32. Suppose h*p - 5*p + 258 = 0. What is the highest common divisor of 215 and p?
43
Suppose -11*s = -8*s - 6. Let j = -31 - 0. Let m = j + 34. Calculate the highest common divisor of s and m.
1
Let f(s) = 19*s - 304. Let k be f(27). Let q be 4/(-18) - (-686)/9. Calculate the highest common factor of k and q.
19
Let d be 3*6/1*90/15. Suppose -24*y = -21*y - d. Let o = 16 + -7. What is the highest common divisor of o and y?
9
Let